{"id":2,"date":"2019-02-25T10:37:56","date_gmt":"2019-02-25T10:37:56","guid":{"rendered":"https:\/\/ohjelmapalvelut.wordpress.com\/?page_id=2"},"modified":"2024-05-06T19:10:38","modified_gmt":"2024-05-06T17:10:38","slug":"home","status":"publish","type":"page","link":"https:\/\/ohjelmapalvelut.idearadio.fi\/","title":{"rendered":""},"content":{"rendered":"\n<div class=\"wp-block-buttons is-content-justification-center is-layout-flex wp-container-core-buttons-is-layout-d9cd0f1e wp-block-buttons-is-layout-flex\">\n<div class=\"wp-block-button has-custom-width wp-block-button__width-50 has-custom-font-size has-small-font-size\"><a class=\"wp-block-button__link has-white-color has-text-color has-background wp-element-button\" href=\"https:\/\/www.fingrid.fi\/sahkomarkkinat\/sahkojarjestelman-tila\/\" style=\"border-radius:20px;background-color:#0000004f\">Fingrid<\/a><\/div>\n\n\n\n<div class=\"wp-block-button has-custom-width wp-block-button__width-50 has-custom-font-size has-small-font-size\"><a class=\"wp-block-button__link has-white-color has-text-color has-background wp-element-button\" href=\"https:\/\/sahko.tk\/\" style=\"border-radius:20px;background-color:#0000004f\">P\u00f6rssis\u00e4hk\u00f6<\/a><\/div>\n\n\n\n<div class=\"wp-block-button has-custom-width wp-block-button__width-50 has-custom-font-size has-small-font-size\"><a class=\"wp-block-button__link has-white-color has-text-color has-background wp-element-button\" href=\"https:\/\/venla.energiaraportit.fi\/#!login-view\/rt-view\" style=\"border-radius:20px;background-color:#0000004f\">Venla<\/a><\/div>\n\n\n\n<div class=\"wp-block-button has-custom-width wp-block-button__width-50 has-custom-font-size is-style-fill has-small-font-size\"><a class=\"wp-block-button__link has-white-color has-text-color has-background wp-element-button\" href=\"https:\/\/www.windy.com\/?63.056,21.797,4\" style=\"border-radius:20px;background-color:#0000004f\">Tuuli<\/a><\/div>\n<\/div>\n","protected":false},"excerpt":{"rendered":"","protected":false},"author":2,"featured_media":1321,"parent":0,"menu_order":1,"comment_status":"closed","ping_status":"closed","template":"","meta":{"footnotes":""},"class_list":["post-2","page","type-page","status-publish","has-post-thumbnail"],"_links":{"self":[{"href":"https:\/\/ohjelmapalvelut.idearadio.fi\/index.php\/wp-json\/wp\/v2\/pages\/2","targetHints":{"allow":["GET"]}}],"collection":[{"href":"https:\/\/ohjelmapalvelut.idearadio.fi\/index.php\/wp-json\/wp\/v2\/pages"}],"about":[{"href":"https:\/\/ohjelmapalvelut.idearadio.fi\/index.php\/wp-json\/wp\/v2\/types\/page"}],"author":[{"embeddable":true,"href":"https:\/\/ohjelmapalvelut.idearadio.fi\/index.php\/wp-json\/wp\/v2\/users\/2"}],"replies":[{"embeddable":true,"href":"https:\/\/ohjelmapalvelut.idearadio.fi\/index.php\/wp-json\/wp\/v2\/comments?post=2"}],"version-history":[{"count":3,"href":"https:\/\/ohjelmapalvelut.idearadio.fi\/index.php\/wp-json\/wp\/v2\/pages\/2\/revisions"}],"predecessor-version":[{"id":1521,"href":"https:\/\/ohjelmapalvelut.idearadio.fi\/index.php\/wp-json\/wp\/v2\/pages\/2\/revisions\/1521"}],"wp:featuredmedia":[{"embeddable":true,"href":"https:\/\/ohjelmapalvelut.idearadio.fi\/index.php\/wp-json\/wp\/v2\/media\/1321"}],"wp:attachment":[{"href":"https:\/\/ohjelmapalvelut.idearadio.fi\/index.php\/wp-json\/wp\/v2\/media?parent=2"}],"curies":[{"name":"wp","href":"https:\/\/api.w.org\/{rel}","templated":true}]}}